568)/x - (-12)/60 a composite number?
False
Suppose -48*p - 56 = -40*p. Let r(q) = q**3 + 12*q**2 + 2*q + 2*q - 12 + 4*q. Is r(p) a composite number?
True
Let j(n) = -7*n**2 - 31*n + 26. Let p be j(-11). Let q be (-4)/((2/(-343))/(-1)). Let t = p - q. Is t prime?
False
Let z(t) = 20*t**2 + 3*t + 2. Let v(o) = -3*o + 14. Let k(i) = 4*i - 15. Let b(q) = -4*k(q) - 5*v(q). Let d be b(-13). Is z(d) composite?
False
Let u(v) = 93*v - 1. Let j(s) = 2*s + 16. Let l be j(-5). Is u(l) composite?
False
Let b be -2 - (-16)/4 - -8576. Is b/11 - (-4)/22 - -1 prime?
False
Is (-5 - (-196)/(-16))/(6/(-1016)) a composite number?
True
Suppose 5*t - 5*x - 3865 = 0, -x = -13 + 12. Let p(s) = 60*s - 4. Let h be p(10). Suppose 5*w - t = h. Is w prime?
False
Suppose 10 = -2*w + 2*x, 4*w - 5*x = 2*w - 13. Is ((-2)/w)/(20/12280) prime?
True
Let k = -93 - -192. Let b = k - 76. Is b prime?
True
Suppose 3*a - j + 5*j = 33351, -2*j = -4*a + 44446. Is a a prime number?
True
Let h(n) be the second derivative of n**5/20 - 7*n**4/12 + 7*n**3/6 + 4*n**2 + 3*n. Let k be h(6). Suppose 0 = -v + 32 + k. Is v a prime number?
False
Let q(y) = -7454*y - 3. Is q(-1) prime?
True
Let h(c) = 8*c - 10 - 10*c + 1. Let v be h(-6). Suppose 573 = -v*l + 6*l. Is l a prime number?
True
Let x = -7 - 9. Let q = -14 - x. Suppose -q*y + g = y - 286, y - 4*g - 77 = 0. Is y composite?
False
Let i(j) = 7781*j**2 + 2. Let f be i(1). Suppose 5*w = t + 2*w - 1936, f = 4*t + w. Is t prime?
False
Let x(j) = j - 3. Let p be x(-5). Let u(b) = -10*b - 13. Let c be u(p). Is 6/2 + c + -12 prime?
False
Suppose -4*l - 3*h + 181573 = 0, -2*l = -0*l - 4*h - 90814. Is l a prime number?
False
Suppose 3*g = 3*f - 11586, 7728 = -27*f + 29*f + 2*g. Is f prime?
True
Suppose 3*p + 37*p - 580840 = 0. Is p a composite number?
True
Suppose 5*w = -5*f - 15, -f + 4*w + 0*w = -7. Is ((-4)/(-6))/(14482/14478 + f) composite?
True
Let s(k) = -24*k + 1. Let t be s(-2). Suppose -5*v - 95 = 5*g, -2*v - t = -3*g - 16. Is 6/v + 1672/3 composite?
False
Suppose -3 = 7*s - 24. Suppose -5*o + 614 = -s*o. Is o prime?
True
Let o be 260/25 + 9/15. Suppose -5*s - 2934 = -o*s. Is s composite?
True
Let s be -12*((-34)/8 + 4). Suppose s*n - 6*n + 6 = 0. Suppose -2235 = n*o - 7*o. Is o composite?
True
Let s = 5610 + -1225. Is s a composite number?
True
Let d = 8 - 6. Let s(p) = -13*p**2 + 11*p**d + 16*p**2. Is s(-1) a composite number?
True
Suppose -2201 + 155 = -6*k. Suppose -k = -9*n + 325. Is n a prime number?
False
Let w(c) = -16*c + 9. Let i be w(-7). Let r = 96 + -134. Let o = r + i. Is o a composite number?
False
Let y be 23/7 + (-2)/7. Suppose -5*t + 12564 = y*h, 237 = h + 2*t - 3950. Suppose 4*f = 3*c + h, -3*f + 5242 = 2*f - 3*c. Is f a composite number?
False
Let d(i) = 536*i + 93. Is d(7) a composite number?
True
Let j = -1473 + 5872. Is j composite?
True
Let x(y) = 36*y + 9*y - 149 + 138. Is x(4) a prime number?
False
Suppose 5*f - q + 12 = 35, 21 = 3*f + 3*q. Suppose -2*t = -2*u - 4, -f*t - 2*u + 8 = -3*t. Is 375 + t/(9/6) composite?
True
Let a(s) = s**3 - 14*s**2 + 14*s - 7. Let q = 20 - 10. Let v be a(q). Is 1/1 - (v - -5) composite?
False
Suppose 0 = 2*k - 4*r - 45558, 15 = -7*r + 4*r. Is k a composite number?
False
Let v(h) = -5*h + 12. Let c be v(3). Let p(d) = -659*d - 4. Is p(c) prime?
True
Let g(u) = -17*u + 8. Let o(d) = -4*d**2 + d - 1. Let s be o(1). Let r be g(s). Let y = r + -23. Is y a prime number?
True
Suppose -k = -5*k. Suppose k = s + 2*h - 16 + 4, 3 = -s + h. Is (3 - (80 + s))*-1 a composite number?
False
Suppose 0 = -2*n + 2*f + 12, -n = -2*f - 6 - 4. Let q = 438 - 293. Suppose -n*h - q = -431. Is h a composite number?
True
Let f(k) = -119*k - 10. Let z be f(-5). Suppose s + z = 3*j - 84, 1135 = 5*j + 5*s. Let w = j - 147. Is w composite?
True
Let v = 104 - 202. Let l be (-2)/7 - (-168)/v. Is 27695/35 - l/(-7) composite?
True
Suppose -15*p + 70746 = -10749. Is p a prime number?
False
Let i(l) = 221*l + 126. Is i(17) composite?
True
Suppose 0 = 3*a + 2*q + 3*q - 24, -4*q = a - 8. Suppose -11 = -a*d + 7*d. Is (d + -10)/((-2)/(-898)) composite?
False
Suppose 5*f - 6001 = -5*i + 5504, 0 = -3*f - 2*i + 6904. Suppose -5*k + 928 = -f. Let p = -455 + k. Is p a composite number?
False
Let j(p) = -p + 8. Suppose 3*n - 16 = 2*a, -3*n - 3*a = 2*n - 33. Let c be j(n). Suppose 3*o - c*k - 469 = 0, o - 207 + 58 = -3*k. Is o a composite number?
True
Let a(u) = 3394*u**2 + 5*u - 2. Suppose -f - 1 = 2*c - 7, c - 3*f = -11. Is a(c) a prime number?
False
Suppose -3*m + 20 = 2*l, m + 20 = 2*l - 0*l. Let a = 14 - l. Suppose -930 = -a*o - 278. Is o a composite number?
False
Suppose 7*k = 639 - 618. Suppose -4*w + 184 = -544. Suppose -k*b - w = -5*b. Is b a composite number?
True
Let o = 1966 + -1013. Is o prime?
True
Suppose 0 = -314*w + 308*w + 1410. Is w a prime number?
False
Suppose 458 = -3*g + 2489. Is g prime?
True
Suppose 202 = -7*f - 1485. Let v = 502 + f. Suppose -4*y + y + v = 3*q, -3*y = -3*q + 231. Is q a composite number?
True
Suppose -2*v = -3*v - 2*q + 3869, -4*v = 2*q - 15470. Is (-4)/18 - v/(-27) a prime number?
False
Let p(r) = r**2 + 18*r - 36. Let v be p(-19). Is (-39188)/(-18) - v/(-153) prime?
False
Suppose 401 = y - 988. Suppose 5*q = y + 2106. Is q prime?
False
Let u(m) = 2*m**3 + 47*m**2 + 24*m + 15. Let t be u(-23). Suppose 0 = 2*k + 2*a - 6*a - 26, 5*a = -4*k + 104. Let l = t + k. Is l a prime number?
True
Let g(w) = -w**3 + w**2 - 2*w - 5. Let z be -2*3/12*-6 - 7. Is g(z) a composite number?
False
Let s be 4 + 2 + -10 - 405. Is 4/16*s*-4 composite?
False
Suppose 0 = -3*d - 2*v - 24, -4*d + 0*d - 2*v - 34 = 0. Let h be 936/30 - (-2)/d. Suppose 3*j - 2*q = h, -4*j - 2*q + 8 = -10. Is j prime?
True
Let z(j) = j**2 - 2*j - 6. Let r be z(6). Is (0 - r/(-6))*(-2657)/(-3) a prime number?
True
Let w = 24 - 38. Is 9566/(w/(-7))*2/2 prime?
True
Let f(w) be the second derivative of -w**4/12 + 889*w**2/2 + 4*w. Is f(0) a composite number?
True
Suppose 0 = -4*n - 8, -b - 3*b + 5*n = -66926. Is b composite?
False
Let o(c) = -c + 2 - 16*c - 10*c. Is o(-3) composite?
False
Let l(n) = -114*n**2 + 3*n - 9. Let o be l(3). Let c = o + 1495. Is c a composite number?
True
Let y = 22 - 18. Suppose 0 = 4*o + 4, 0 = -y*z + 7*o - 12*o + 271. Is z a composite number?
True
Let w(k) = 2*k**2 + 19*k - 17. Is w(14) prime?
True
Suppose -2*u - 2*u = 3*t - 13631, 0 = t - 1. Is u composite?
False
Suppose 3*b + 3*a - 8 + 29 = 0, 5*a = -b - 23. Let n = 12 + b. Suppose 4*i - n*i + 165 = 0. Is i composite?
True
Let n(m) = 171*m - 24. Let y be n(16). Is (-4)/20 - y/(-10) composite?
False
Let j(k) = -k**3 + 7*k**2 + k - 2. Let d = -11 - -18. Let r be j(d). Suppose -2*a = r - 111. Is a a prime number?
True
Is 2218550/175 + 3/(-7) a prime number?
False
Let y(a) = a - 4. Let t(f) = 2*f + 1. Let c be t(2). Let x be y(c). Is 52*(2 - x) - -1 composite?
False
Suppose 2*g + 5*x = g + 57, g - 5*x = 97. Is (g/(-22))/((-2)/2564) prime?
False
Let b = 9 - 18. Let x = b - -12. Suppose 0 = -l - x*l + 356. Is l a prime number?
True
Suppose -2*b = 5*b + 72135. Is 2*(-4 + b/(-10)) prime?
True
Let o(i) = 1 + 6 - 2*i + 274*i**2 + 40*i**2 + 53*i**2. Is o(2) a prime number?
True
Suppose -4*n + 13 = 45. Let d(t) = 4*t**2 - 12*t + 1. Is d(n) composite?
False
Let l(h) be the first derivative of h**4/4 + h**3/3 + h**2/2 + 7*h + 6. Let w be l(6). Suppose -w - 70 = -5*b. Is b a prime number?
True
Let d(a) = a**2 - 2*a + 23. Suppose -3*h = 2*r - 7*r + 35, 2*r + 2 = -2*h. Suppose -r*f + z = -4, 2*f + 0*z - z = 4. Is d(f) a prime number?
True
Let s(u) = 7*u**3 - 3*u**2 + 19*u - 25. Let r be s(13). Let z = -9609 + r. Is z composite?
True
Let p(y) = y**2 + 7*y + 7. Let v be p(-6). Let j be (-1)/v*0/3. Suppose -4*k - 4*g + 452 = j, -2*g + 224 = 5*k - 347. Is k a prime number?
False
Suppose 1746 = -30*r + 36*r. Is r a prime number?
False
Let s be ((-6)/9)/(1/(-408)). Let n = s - 189. Is n prime?
True
Let c = 10 + -9. Suppose 0 = z - 1 - c. Is z + 1 - 948/(-6) a prime number?
False
Let l(k) be the third derivative of 0*k - 1/120*k**6 - 3*k**2 - 1/2*k**3 + 1/5*k**5 + 1/8*k**4 + 0. Is l(9) a prime number?
False
Suppose 520 = k + 3*q, 4*k - 1773 = 2*q + 265. Suppose i + 170 = 4*z + k, 3*i - 1006 = -5*z. Is i prime?
True
Let v(g) = 11988*g**2 - 40*g + 41. Is v(1) a prime number?
False